. Calculate the highest common divisor of q and j.
4
Let m = -25 - -27. Let b be m/(-4)*-1146 + -3. Suppose 0 = -3*q - h + 587 + b, -2*q = -5*h - 760. What is the highest common divisor of q and 35?
35
Suppose 0 = -11*u + 783 + 350. Suppose -92*g = -u*g + 3003. Calculate the greatest common divisor of g and 21.
21
Suppose -3*g - 12 = -5*z, -2*g - 14 = -5*z - g. Suppose z*w + 117 = 12*w. Let b(n) = 7*n - 73. Let y be b(w). Calculate the highest common factor of 54 and y.
18
Let g be 23534/20 + 2901/9670. What is the greatest common factor of 121 and g?
11
Let n = 7579 + -7072. Calculate the highest common divisor of 169 and n.
169
Let u(p) = -p**3 - 4*p**2 - 40*p - 138. Let b be u(-4). Calculate the greatest common factor of 198 and b.
22
Let w(p) = 2*p**2 - 54*p + 80. Suppose 0*m + 3*m - 78 = i, -4*i + 104 = 4*m. Let r be w(m). Calculate the greatest common factor of 77 and r.
7
Let z(n) = -11244*n - 667. Let s be z(-4). Calculate the highest common divisor of 59 and s.
59
Let o(v) = -6*v**3 - 2*v**2 + 1. Let i be o(-1). Suppose 2*h + 3 = -i. Let k be (h + 3)*(-3)/1. What is the greatest common factor of k and 3?
3
Let k = -140 + 99. Let z = k + 92. Let h = 57 - z. What is the greatest common divisor of h and 48?
6
Let y be (9*(-25)/(-675))/(2/110610). Calculate the highest common divisor of y and 15.
15
Suppose 14 - 34 = -10*z. Suppose z*l - 5*d = 83, 64 - 16 = l + 4*d. Calculate the greatest common factor of 572 and l.
44
Suppose -3*d + 38*q - 33*q + 15423 = 0, 3*d + 2*q = 15423. Calculate the highest common factor of d and 53.
53
Suppose 33 = 2*f + 29, 0 = -5*i + 3*f + 2714. What is the highest common factor of 160 and i?
32
Let k = -13399 - -13722. What is the greatest common factor of 475 and k?
19
Let z = 52232 + -31823. What is the highest common divisor of z and 3?
3
Suppose 2176 = -464*d + 466*d. What is the highest common factor of d and 102?
34
Let q = -12996 - -21211. Calculate the highest common factor of 620 and q.
155
Suppose 0 = -242*f + 243*f - 5*b - 670, -1914 = -3*f - b. What is the greatest common factor of 15 and f?
5
Suppose -d + 10 + 21 = 0. Let a be -8 + (28 + -12 - -891). What is the greatest common divisor of a and d?
31
Suppose 0 = -4073*d + 4076*d - 106 - 125. What is the greatest common factor of 938 and d?
7
Suppose 0 = -x + u - 15, -70 = 5*x - 0*x - 4*u. Let i be (-724)/x - (-2)/(-5). Calculate the greatest common factor of i and 24.
24
Let d(a) = a**2 - 5*a. Let o be d(5). Suppose -3*r + 3 + o = 0. Let x be (-7 + (-116)/8)/(r/(-2)). What is the highest common divisor of 43 and x?
43
Let n(s) = s**3 - 13*s**2 - 14*s - 8. Let f be n(12). Let y = f - -335. Calculate the greatest common factor of 30 and y.
15
Let w be (-1712 - (-8 + -8))*(-2)/4. What is the greatest common divisor of w and 16?
16
Let m be 1545/(-4) + 6/24. Let r = m + 764. Let p(k) = -k**2 + 34*k - 147. Let g be p(7). What is the greatest common divisor of g and r?
42
Let n = -31 - -121. Let h = n + -60. Suppose -18*s = -13*s - h. What is the greatest common factor of 30 and s?
6
Let f be (736/(-23))/(2/16). Let q = 270 + f. Suppose -2*n - n + 336 = 0. What is the greatest common factor of n and q?
14
Suppose 308*t - 292*t - 1680 = 0. Calculate the highest common factor of t and 5475.
15
Let v(w) = 160*w - 82. Let x be v(9). Calculate the greatest common divisor of 154 and x.
14
Let n(a) = 3*a - 21. Let t be n(9). Suppose -11*j + 325 = -t*j. Suppose 3*h - 18 = 60. Calculate the greatest common divisor of h and j.
13
Let h(u) = u**3 + 9*u**2 - 7*u. Let n(w) = w**2 - 12*w - 35. Let l be n(14). Let g be h(l). What is the highest common factor of 21 and g?
21
Let u(h) = 21*h**2 + 15*h - 9. Let i be u(3). Suppose 29*s - i = 24*s. What is the greatest common factor of s and 75?
15
Let b = 73 + -42. Suppose 7*i - 753*i + 53373 = 7121. What is the highest common factor of b and i?
31
Suppose -r + f = r + 14, -2*r = f + 10. Let s = r - -28. Suppose -h + m + 237 = 123, h + m = 106. What is the highest common divisor of s and h?
22
Let x(p) = 86*p - 90. Let y be x(5). What is the highest common divisor of 544 and y?
68
Let k be -19 + (4 - 4 - -4). Let s(j) = 5*j + 94. Let d be s(k). What is the highest common factor of d and 247?
19
Let o(h) = 13*h**3 - 109*h**2 + 2*h + 59. Let g be o(9). Suppose -2*l + 40 + 10 = 0. What is the greatest common divisor of l and g?
25
Let j = 38970 + -38742. Calculate the highest common factor of 13623 and j.
57
Let h(x) be the first derivative of -4*x**2 - 55*x - 34. Let f be h(-8). What is the highest common divisor of f and 216?
9
Let z(d) = 87*d**3 + d - 1. Let m be z(1). Suppose 302*h + 6*h + 207*h = 1545. What is the highest common factor of m and h?
3
Let y = -19686 - -19831. Calculate the greatest common factor of 580 and y.
145
Let p be 3768/157 + 17930 + 1. What is the highest common factor of p and 570?
285
Let x(a) = 3*a + 49. Let s = 333 + -326. Let q be x(s). Calculate the greatest common factor of q and 10.
10
Let w be ((-1881)/55)/(9/(-30)). Suppose 5*j + g = 128, 4*j = -g - 11 + w. What is the greatest common divisor of 65 and j?
5
Suppose 0 = l + 3*f + 17, -2*l - 2*l + f = 3. Let z be (-2)/l + (-1 - 1 - -4). Let y be 1/z + 51/9. Calculate the greatest common factor of 15 and y.
3
Suppose -3*t + 4994 = o, 90*t = 88*t + 2*o + 3324. Calculate the highest common divisor of t and 13.
13
Let r = -47 - -40. Let q be 966*(r/(-7))/2. Calculate the greatest common divisor of 46 and q.
23
Let i = 662 - 358. Suppose -7*b + 3*b = -20, -5*b = -3*y + 71. Calculate the highest common divisor of i and y.
16
Suppose 0 = -4*x - k - 2*k + 2229, 4*k = -x + 554. Suppose -27*n = 99 - x. What is the greatest common factor of 51 and n?
17
Let x be (5/6 + -1)/((-13)/4134). Suppose 2*o - 143 = -o + 2*a, o + 2*a = x. What is the greatest common factor of 441 and o?
49
Suppose 15*b + 4685 - 6005 = 0. What is the greatest common factor of 8052 and b?
44
Let g = 26723 - 26429. What is the highest common divisor of g and 40866?
294
Let p(z) = -8*z - 45. Let w be p(2). Let b = w - -64. Calculate the highest common divisor of b and 3.
3
Let j be (-525)/(-25) - -5856 - (-6)/2. Calculate the highest common divisor of 480 and j.
120
Suppose 7*s - 4590 = -10*s. What is the highest common factor of s and 720?
90
Suppose 0 = -2*m + 197*g - 195*g + 8614, -2*m + 8600 = 5*g. What is the highest common factor of m and 246?
123
Suppose 326*m + 417360 = 622*m. Calculate the greatest common divisor of 840 and m.
30
Let z be (2/42 - 19899/1134)*-18. What is the greatest common factor of 9009 and z?
63
Let c be 81/9 + 2 + -3. Let u(g) = -g**3 + 11*g**2 + 5*g - 2. Let k be u(c). Calculate the highest common divisor of 92 and k.
46
Suppose 144*v + 143*v - 47*v = 44880. Calculate the highest common factor of 407 and v.
11
Let h = 117 + -71. Calculate the highest common divisor of h and 13478.
46
Let f(o) = -617*o - 1177. Let y be f(-8). Calculate the highest common divisor of 21 and y.
21
Let v be (2/5)/(5/25). Suppose 26 = q - 2*h, h + 60 = v*q + 5*h. Suppose -2*s + 18 = -q. What is the highest common divisor of s and 46?
23
Suppose -4*l = m - 13, m - 5*l = -l + 21. Suppose 5*o - 15 = -2*p, 3*o = -p + 5*p - m. Suppose 6*f + 40 = 370. Calculate the greatest common factor of p and f.
5
Suppose 0 = -3*z + 3*y + 42, -48 = -5*z + 2*y + 34. Let j = -6 + 8. Let b be 6/(-5)*(-15)/j. Calculate the greatest common factor of b and z.
9
Suppose -j + 1498 - 947 = -1990. What is the highest common divisor of 6699 and j?
231
Let u be 129/(-387) + ((-374)/(-9) - (-4)/(-18)). Calculate the greatest common factor of 24723 and u.
41
Let m(f) = 439*f**2 - 2*f - 1. Let x be m(-1). Let t = -298430 + 298452. What is the highest common factor of t and x?
22
Suppose 1 = -2*m + 11, h + 15 = 3*m. Suppose 3*x - 9*x + 360 = h. Let z be (7 - 5)/(4/30 + 0). Calculate the highest common divisor of x and z.
15
Let s(g) = -g**2 - 5*g + 16. Let y be s(-7). Let r be (186/8 + 81/108)*y. Let w = -9 + 21. Calculate the greatest common factor of w and r.
12
Let v be ((-6)/(-9) + (-8)/6)*-18. Suppose -13 = -3*i + 14. Suppose -i = 3*h, 0*h + 4*h + 72 = d. Calculate the greatest common factor of v and d.
12
Let l = 593 + -393. Let g be (30/24)/((0 - -1)/l). Calculate the highest common factor of g 